Let c(h) = -2*h**2 + 3*h + 5. Let a(u) = 3*u**2 - 5*u - 9. Let m(p) = 3*a(p) + 5*c(p). Let l = 5 + -1. Suppose l*n = -n. What is m(n)?
-2
Let z(y) = y**2 + 2*y + 2. Let i be z(-3). Let c(n) = -n. Determine c(i).
-5
Let s(c) = -c - 4. Suppose -a + 9 = 9. Give s(a).
-4
Let p(w) = w + 19. Let u(o) = 9. Let c(v) = 2*p(v) - 5*u(v). Give c(5).
3
Let n(i) be the second derivative of i**5/60 - i**4/12 + i**3/6 + 3*i**2/2 - 2*i. Let p(l) be the first derivative of n(l). Calculate p(3).
4
Let o(d) = -d**3 - d**2 - 2*d - 2. Suppose 2*p = -6, -4*p + 25 = -5*y + 57. Suppose 6 = -y*q - 2. What is o(q)?
6
Let p(i) = -3*i + 6. Let n = 0 - -6. What is p(n)?
-12
Let h(l) be the second derivative of -l**5/20 + 7*l**4/12 + l**3/3 - 2*l**2 + 5*l. Give h(7).
10
Let b be (-2 + 0)*7/(28/(-10)). Let s(g) be the third derivative of g**4/24 - 4*g**3/3 + g**2. Give s(b).
-3
Let o be 9/(-6) - 1/2. Let r be 15*(4/6)/o. Let j(g) = 2*g + 5. Calculate j(r).
-5
Let b(g) be the second derivative of g**4/4 - g**3/6 - 4*g. Let m be b(1). Let t(h) = 1 - 6*h + 0 + m*h. What is t(-1)?
5
Let x(u) = -u - 2. Let z be x(-5). Let m(t) = 2*t**3 - 3*t**2 - t. Let c be m(z). Let g be c/18 - (-4)/6. Let h(k) = 3*k + 1. Determine h(g).
7
Let p(u) = -2*u - 2. Let m(q) = q + 9. Let a be m(-5). Determine p(a).
-10
Let t(w) be the second derivative of w**7/2520 + w**6/360 + w**5/60 - w**4/12 + 3*w. Let a(g) be the third derivative of t(g). Calculate a(-4).
10
Let u(d) = d**2 + 6*d + 1. Suppose -18*r = -12*r + 36. Calculate u(r).
1
Let c(t) = -2*t - 3. Let y be c(-3). Let z(l) = 4*l + 0*l**2 - 7 + l**y - 2*l - 3*l - l**2. Determine z(0).
-7
Let d(q) = -q**2 - 7*q - 2. Let n(w) = -w - 2. Let c be n(4). Let r be (0 - (3 + -3)) + c. Calculate d(r).
4
Let r = -7 + 7. Let f(n) = n - 1. Suppose 0 = -a - 5, -5*t + 3*a + 25 = -a. Let b(o) = -o**3 + o**2 + 3*o - 4. Let i(w) = t*b(w) - 3*f(w). Give i(r).
-1
Let x(r) = 43*r - 87*r + 2 + 53*r. Give x(-3).
-25
Let o(p) be the second derivative of p**5/20 + 7*p**4/12 + 4*p**3/3 - 3*p**2/2 - 34*p. What is o(-6)?
-15
Suppose 1 + 15 = 4*c. Let k(d) = -39*d + 105. Let i(p) = -3*p + 8. Let v(w) = 27*i(w) - 2*k(w). Let h be v(c). Let z(b) = b + 11. What is z(h)?
5
Let s(v) = 8*v + 4*v - 13*v - 6. Determine s(-3).
-3
Let a(l) be the first derivative of -9*l**2/2 - l - 1. Suppose 2*m = 2*d + 8, 2*m = -5*d + 1 - 0. Give a(d).
8
Let q = 82 + -82. Let r(x) = x**3 + x**2 + 12. Give r(q).
12
Let m(i) = -8*i**2 - 1. Let h be 2 + (2 - -1)/(-3). What is m(h)?
-9
Let q(x) be the first derivative of x**3/3 + 5*x**2/2 + 4*x - 5. Determine q(-3).
-2
Let i = -28 - -23. Let f(w) = w + 7. Give f(i).
2
Suppose -32 - 16 = -2*l. Suppose 5*j - l = 1. Let g(c) = c**3 - 4*c**2 - 6*c + 1. What is g(j)?
-4
Let q(f) = 6*f**2 - 3*f - 7. Let n(a) = a**2 - 1. Let s(h) = -5*n(h) + q(h). Let o(g) = -g**3 - 4*g**2 - 3*g + 4. Let x be o(-3). What is s(x)?
2
Let b(i) be the second derivative of 1/3*i**3 + 2*i + 0 - 3/2*i**2. Calculate b(6).
9
Let p(b) = -2*b + 2. Suppose -d + 2 = s + 2*d, -10 = -5*s - 4*d. Let x be (s/(-3))/(4/(-18)). What is p(x)?
-4
Let c(v) = 6*v**2 + 2*v + 1. Let r be c(-1). Let b = -3 + r. Let g(f) = 4*f**3 + 2*f + 0*f**2 - 7*f**b - 3*f**3 + 5*f - 5. Calculate g(6).
1
Let n(y) = -7*y**2 - y - 6. Let x(l) = 13*l**2 + l + 11. Let o(h) = -5*n(h) - 3*x(h). Let s(r) = 3*r**2 - 3*r + 4. Let m(d) = -2*o(d) - 3*s(d). Calculate m(4).
-2
Let u(y) be the second derivative of -y**2 - 1/2*y**3 - 1/12*y**4 + 3*y + 0. Determine u(-2).
0
Let t(f) = f + 8. Let n be t(-12). Let g = n + 5. Let c(k) = -7*k**2 - 2*k + 1. Calculate c(g).
-8
Let d(g) = 4*g**3 - 3*g**3 - 4*g**2 + 8 - 1 - g**2. Let x(f) be the second derivative of -f**3/6 + 6*f**2 + f. Let b be x(7). Determine d(b).
7
Let b(q) = 11*q**2 - 6*q - 5. Let l(o) = o**2 - o - 1. Let n(v) = -b(v) + 6*l(v). Let r be n(-1). Let j(i) = -3*i + 704 + i - 711. Calculate j(r).
5
Suppose -3*m + 8 = 2*a, 3*m + 8 - 28 = 4*a. Let s(j) = -6*j + 5. What is s(m)?
-19
Let t(a) = -2*a**2 + 343*a**3 - 2*a**2 - 344*a**3 - 2 - 3*a. What is t(-3)?
-2
Let n(l) = -l + 1. Let i be n(-2). Let j(y) = 2*y - 1. Determine j(i).
5
Suppose t - 18 = -2*w, 0 = -0*w - 4*w + 16. Suppose 5*o - t = 0, -2*o - 7 = -3*l + 2*o. Let g(z) = -4*z + 0 - 5 + l*z. Determine g(4).
-1
Suppose 3*j + 51 = 6. Let y be (j/9)/((-3)/9). Let s(i) = 2*i - 4. Determine s(y).
6
Let x(d) = -1 + 2*d**2 + 2*d**2 - d**2 - 2*d. Suppose p = -2*v - 5, -4*v - 17 = -2*p - 3*p. Suppose y + 4*l + p = -0*l, -5 = 5*y + 2*l. Determine x(y).
4
Let s(p) = -2*p**2 + 6*p - 2. Let m(j) = 3*j**2 - 7*j + 2. Let l(v) = 3*m(v) + 4*s(v). Let i = -17 + 12. Calculate l(i).
8
Let x be (-234)/63 + (-2)/7. Let i = -10 - x. Let v(o) = o**3 + 6*o**2 + 4. Let c be v(i). Let f(b) = -b + 2. Give f(c).
-2
Let o(a) = 7*a - 2. Let m(r) = -15*r + 4. Let h(l) = -6*m(l) - 13*o(l). Let j be (15/6)/((-1)/2). Let v(z) = z**2 + 4*z - 3. Let t be v(j). Determine h(t).
0
Let a(x) = 2*x + 0 + 1 + 1 + 1. Give a(7).
17
Let g(f) = -2*f + 3. Let q be g(2). Let k(m) be the second derivative of m**4/3 - m**2/2 - m. Determine k(q).
3
Let x(k) = k**3 + k**2 - 2*k - 3. Suppose 0 = 3*y - 3*a + 3, -2*y = -6*y + 3*a - 9. Let q be 3 - (-3)/(3 + 0). Let o = q + y. Give x(o).
-3
Let d(n) = 2*n + 1. Let t(w) be the first derivative of w**4/4 - w**3 + 2*w + 1. Let l be t(2). Give d(l).
-3
Let x(a) = 6*a - 1. Suppose 3 = -s + 2*r, 2*r + 5 = -3*s + 4. Give x(s).
-7
Let j be (6/(-18))/((-2)/6). Let b(f) = 3*f + f**3 - 2*f**2 - f**2 - 4*f + j. Give b(3).
-2
Let b(l) be the third derivative of l**5/60 - l**4/8 - l**3/3 - 5*l**2. Let i = -5 - -10. Calculate b(i).
8
Let g(i) = -i**3 - 2*i**2 + i + 2. Let d be 36/(-16) - (-3)/12. What is g(d)?
0
Let k(v) = v**2 + v - 3. Let b be k(-3). Let y(l) = l**3 - 3*l**2 - l + 1. What is y(b)?
-2
Let z(k) be the first derivative of k**2/2 - k - 20. Suppose 2*l - 2*o + 8 = -0*l, -2 = 2*l - 5*o. What is z(l)?
-7
Let z(n) = -n**3 + n**2 + 2*n - 9. Let x(s) = -2*s**3 + 3*s**2 + 5*s - 19. Let m = 3 - -3. Let r(p) = m*x(p) - 13*z(p). Calculate r(-3).
9
Let y = 1 - 1. Let v = -4 - y. Let m(k) = 3 - 6 + 0*k - k + 2. Calculate m(v).
3
Let x(p) be the third derivative of p**5/60 - p**4/6 - p**3/6 - 3*p**2. Let h(o) = -2*o - 4. Let y be h(-4). What is x(y)?
-1
Suppose o + 3*q = 2*q + 2, -2*q + 4 = 0. Let y(u) = -u**2 - u + 9. Calculate y(o).
9
Let i(c) = c**3 + c**2 + 2*c + 1. Let x = 3 + -1. Let t be ((-2)/(-6))/(x/12). Let n(w) = -w**3 + 3*w**2 - 3*w + 1. Let h be n(t). Calculate i(h).
-1
Let m(l) = l**2 + 2*l + 3. Let o(f) be the first derivative of -f**3/3 - f**2 - 2*f + 1. Let k(c) = -4*m(c) - 5*o(c). Calculate k(-3).
1
Let f(x) = x**2 + 7*x + 2. Let s = 121 - 127. What is f(s)?
-4
Suppose -5*w + 3 = 3*g, -w + 2*w - 2*g - 11 = 0. Let v(d) = -1 + d + 0*d - w - 2. Let r be 4/18 - 47/9. Give v(r).
-11
Let c(n) = -4*n - 4. Let b(t) = -t + 1. Let a be (2/(-3))/(2/(-3)). Let u(y) = a*c(y) - 5*b(y). Determine u(7).
-2
Let y(h) be the first derivative of 2*h**2 - 2*h - 6. Suppose -4*t = -3*s + 2, -2*s = 3*t - 5 - 2. What is y(s)?
6
Let u(b) be the first derivative of b**2 + 2*b - 2 + 1/6*b**3. Let l(n) be the first derivative of u(n). What is l(5)?
7
Let k be (-13)/(2 - 3) + -1. Suppose -k = -l - 3*l. Suppose -l*a = -4*a. Let o(c) = c**3 + c**2 + 2. Calculate o(a).
2
Let h(k) = 5 - 7*k - 5 + k. Determine h(1).
-6
Suppose 4*s = 4 + 44. Let p = 9 - s. Let z(o) = o**3 + 5*o**2 - o + 2. Let d(t) = -2*t**3 - 11*t**2 + 2*t - 4. Let x(y) = -2*d(y) - 5*z(y). What is x(p)?
-5
Let p(y) = -2*y**3 + 3*y**2 - 1. Suppose 5*f + 13 = -4*x + 4*f, -4*f - 1 = -x. Let v(a) = a - 2. Let u be v(x). Let n be u/1*(-2)/5. What is p(n)?
-5
Let n(y) = 2*y - 2. Let o(b) = b**2 - 2*b - 1. Let j be o(3). Suppose -2*w = -3*u + 18, -u - j = 3*w + 3. Calculate n(w).
-8
Let m(t) = 4*t + 22. Let k be m(-8). Let i(v) = v + 17. Give i(k).
7
Let o(b) = -b**2 - b. Let t(a) = 5*a**2 + a. Let f be t(1). Let d be f/3*(-15)/(-6). Suppose 3 = -d*u - 2. Determine o(u).
0
Let i(f) = f**2 - 2*f + 1. Let k be (-3)/7 + (-10)/(-7). What is i(k)?
0
Let a(y) = 5*y - y + 37*y**2 + 2 - 67*y**2 + 32*y**2. Determine a(-4).
18
Suppose 0 = i + 1, -3*o + 21 = -o - 3*i. Let k = 4 - o. Let b(h) = h**2 + 6*h. Determine b(k).
-5
Let d(n) = 68 - 35 + 3*n - 35. What is d(5)?
13
Let f(o) = 9*o + 22. Let r 